{"id":1959,"date":"2024-11-18T07:32:44","date_gmt":"2024-11-18T07:32:44","guid":{"rendered":"https:\/\/drraulcalderon.com\/?page_id=1959"},"modified":"2024-12-06T04:52:36","modified_gmt":"2024-12-06T04:52:36","slug":"neurotips","status":"publish","type":"page","link":"https:\/\/drraulcalderon.com\/index.php\/neurotips\/","title":{"rendered":"NeuroTips"},"content":{"rendered":"\t\t<div data-elementor-type=\"wp-page\" data-elementor-id=\"1959\" class=\"elementor elementor-1959\" data-elementor-post-type=\"page\">\n\t\t\t\t\t\t<section class=\"elementor-section elementor-top-section elementor-element elementor-element-179feaf elementor-section-boxed elementor-section-height-default elementor-section-height-default\" data-id=\"179feaf\" data-element_type=\"section\" data-e-type=\"section\" data-settings=\"{&quot;background_background&quot;:&quot;classic&quot;}\">\n\t\t\t\t\t\t<div class=\"elementor-container elementor-column-gap-default\">\n\t\t\t\t\t<div class=\"elementor-column elementor-col-100 elementor-top-column elementor-element elementor-element-8a29b92\" data-id=\"8a29b92\" data-element_type=\"column\" data-e-type=\"column\">\n\t\t\t<div class=\"elementor-widget-wrap elementor-element-populated\">\n\t\t\t\t\t\t<div class=\"elementor-element elementor-element-f1298ad elementor-widget elementor-widget-heading\" data-id=\"f1298ad\" data-element_type=\"widget\" data-e-type=\"widget\" data-widget_type=\"heading.default\">\n\t\t\t\t<div class=\"elementor-widget-container\">\n\t\t\t\t\t<h2 class=\"elementor-heading-title elementor-size-default\">NeuroTips<\/h2>\t\t\t\t<\/div>\n\t\t\t\t<\/div>\n\t\t\t\t<div class=\"elementor-element elementor-element-fd89450 elementor-widget elementor-widget-heading\" data-id=\"fd89450\" data-element_type=\"widget\" data-e-type=\"widget\" data-widget_type=\"heading.default\">\n\t\t\t\t<div class=\"elementor-widget-container\">\n\t\t\t\t\t<h5 class=\"elementor-heading-title elementor-size-default\">Nuevas noticias cada semana...<\/h5>\t\t\t\t<\/div>\n\t\t\t\t<\/div>\n\t\t\t\t<div class=\"elementor-element elementor-element-59b00c5 elementor-widget elementor-widget-spacer\" data-id=\"59b00c5\" data-element_type=\"widget\" data-e-type=\"widget\" data-widget_type=\"spacer.default\">\n\t\t\t\t<div class=\"elementor-widget-container\">\n\t\t\t\t\t\t\t<div class=\"elementor-spacer\">\n\t\t\t<div class=\"elementor-spacer-inner\"><\/div>\n\t\t<\/div>\n\t\t\t\t\t\t<\/div>\n\t\t\t\t<\/div>\n\t\t\t\t\t<\/div>\n\t\t<\/div>\n\t\t\t\t\t<\/div>\n\t\t<\/section>\n\t\t\t\t<section class=\"elementor-section elementor-top-section elementor-element elementor-element-316abad elementor-section-full_width elementor-section-height-default elementor-section-height-default\" data-id=\"316abad\" data-element_type=\"section\" data-e-type=\"section\" data-settings=\"{&quot;background_background&quot;:&quot;classic&quot;}\">\n\t\t\t\t\t\t<div class=\"elementor-container elementor-column-gap-default\">\n\t\t\t\t\t<div class=\"elementor-column elementor-col-66 elementor-top-column elementor-element elementor-element-f9e8247\" data-id=\"f9e8247\" data-element_type=\"column\" data-e-type=\"column\">\n\t\t\t<div class=\"elementor-widget-wrap elementor-element-populated\">\n\t\t\t\t\t\t<div class=\"elementor-element elementor-element-840636c elementor-grid-1 elementor-grid-tablet-2 elementor-grid-mobile-1 elementor-posts--thumbnail-top elementor-widget elementor-widget-posts\" data-id=\"840636c\" data-element_type=\"widget\" data-e-type=\"widget\" data-settings=\"{&quot;classic_columns&quot;:&quot;1&quot;,&quot;classic_columns_tablet&quot;:&quot;2&quot;,&quot;classic_columns_mobile&quot;:&quot;1&quot;,&quot;classic_row_gap&quot;:{&quot;unit&quot;:&quot;px&quot;,&quot;size&quot;:35,&quot;sizes&quot;:[]},&quot;classic_row_gap_tablet&quot;:{&quot;unit&quot;:&quot;px&quot;,&quot;size&quot;:&quot;&quot;,&quot;sizes&quot;:[]},&quot;classic_row_gap_mobile&quot;:{&quot;unit&quot;:&quot;px&quot;,&quot;size&quot;:&quot;&quot;,&quot;sizes&quot;:[]}}\" data-widget_type=\"posts.classic\">\n\t\t\t\t<div class=\"elementor-widget-container\">\n\t\t\t\t\t\t\t<div class=\"elementor-posts-container elementor-posts elementor-posts--skin-classic elementor-grid\" role=\"list\">\n\t\t\t\t<article class=\"elementor-post elementor-grid-item post-2007 post type-post status-publish format-standard has-post-thumbnail hentry category-neurotips\" role=\"listitem\">\n\t\t\t\t<a class=\"elementor-post__thumbnail__link\" href=\"https:\/\/drraulcalderon.com\/index.php\/2024\/12\/08\/%e2%99%a0que-es-el-tartamudeo\/\" tabindex=\"-1\" >\n\t\t\t<div class=\"elementor-post__thumbnail\"><img fetchpriority=\"high\" decoding=\"async\" width=\"1024\" height=\"683\" src=\"https:\/\/drraulcalderon.com\/wp-content\/uploads\/2024\/12\/Portadas-para-Blog.png\" class=\"attachment-full size-full wp-image-2008\" alt=\"\" srcset=\"https:\/\/drraulcalderon.com\/wp-content\/uploads\/2024\/12\/Portadas-para-Blog.png 1024w, https:\/\/drraulcalderon.com\/wp-content\/uploads\/2024\/12\/Portadas-para-Blog-300x200.png 300w, https:\/\/drraulcalderon.com\/wp-content\/uploads\/2024\/12\/Portadas-para-Blog-768x512.png 768w\" sizes=\"(max-width: 1024px) 100vw, 1024px\" \/><\/div>\n\t\t<\/a>\n\t\t\t\t<div class=\"elementor-post__text\">\n\t\t\t\t<h2 class=\"elementor-post__title\">\n\t\t\t<a href=\"https:\/\/drraulcalderon.com\/index.php\/2024\/12\/08\/%e2%99%a0que-es-el-tartamudeo\/\" >\n\t\t\t\t\u00bf\u2660Qu\u00e9 es el tartamudeo?\t\t\t<\/a>\n\t\t<\/h2>\n\t\t\t\t<div class=\"elementor-post__meta-data\">\n\t\t\t\t\t<span class=\"elementor-post-date\">\n\t\t\t8 diciembre, 2024\t\t<\/span>\n\t\t\t\t<span class=\"elementor-post-avatar\">\n\t\t\tNo hay comentarios\t\t<\/span>\n\t\t\t\t<\/div>\n\t\t\t\t<div class=\"elementor-post__excerpt\">\n\t\t\t<p>El tartamudeo puede presentarse de varias formas: 2. Cu\u00e1ndo se puede exacerbar: 3. Cu\u00e1ndo es normal y cu\u00e1ndo preocuparse: Es normal si: Debe preocupar si: 4. Comorbilidades asociadas: El tartamudeo puede estar relacionado con: 5. Qu\u00e9 tipo de evaluaci\u00f3n realizar: Es importante acudir a un especialista para una evaluaci\u00f3n integral: 6. Tratamiento y estrategias para ayudar al ni\u00f1o: En casa: Con especialistas: 7. En resumen, qu\u00e9 decir a los padres:<\/p>\n\t\t<\/div>\n\t\t\n\t\t<a class=\"elementor-post__read-more\" href=\"https:\/\/drraulcalderon.com\/index.php\/2024\/12\/08\/%e2%99%a0que-es-el-tartamudeo\/\" aria-label=\"Read more about \u00bf\u2660Qu\u00e9 es el tartamudeo?\" tabindex=\"-1\" >\n\t\t\tLeer m\u00e1s\t\t<\/a>\n\n\t\t\t\t<\/div>\n\t\t\t\t<\/article>\n\t\t\t\t<article class=\"elementor-post elementor-grid-item post-1996 post type-post status-publish format-standard has-post-thumbnail hentry category-neurotips category-trastorno-del-espectro-autista category-trastorno-por-deficit-de-atencion-e-hiperactividad\" role=\"listitem\">\n\t\t\t\t<a class=\"elementor-post__thumbnail__link\" href=\"https:\/\/drraulcalderon.com\/index.php\/2024\/11\/27\/uso-de-celulares-y-tablets-por-edades-%f0%9f%93%b1\/\" tabindex=\"-1\" >\n\t\t\t<div class=\"elementor-post__thumbnail\"><img decoding=\"async\" width=\"1024\" height=\"683\" src=\"https:\/\/drraulcalderon.com\/wp-content\/uploads\/2024\/11\/Portadas-para-Blog-1.png\" class=\"attachment-full size-full wp-image-1997\" alt=\"\" srcset=\"https:\/\/drraulcalderon.com\/wp-content\/uploads\/2024\/11\/Portadas-para-Blog-1.png 1024w, https:\/\/drraulcalderon.com\/wp-content\/uploads\/2024\/11\/Portadas-para-Blog-1-300x200.png 300w, https:\/\/drraulcalderon.com\/wp-content\/uploads\/2024\/11\/Portadas-para-Blog-1-768x512.png 768w\" sizes=\"(max-width: 1024px) 100vw, 1024px\" \/><\/div>\n\t\t<\/a>\n\t\t\t\t<div class=\"elementor-post__text\">\n\t\t\t\t<h2 class=\"elementor-post__title\">\n\t\t\t<a href=\"https:\/\/drraulcalderon.com\/index.php\/2024\/11\/27\/uso-de-celulares-y-tablets-por-edades-%f0%9f%93%b1\/\" >\n\t\t\t\tUso de celulares y tablets por edades \ud83d\udcf1\t\t\t<\/a>\n\t\t<\/h2>\n\t\t\t\t<div class=\"elementor-post__meta-data\">\n\t\t\t\t\t<span class=\"elementor-post-date\">\n\t\t\t27 noviembre, 2024\t\t<\/span>\n\t\t\t\t<span class=\"elementor-post-avatar\">\n\t\t\tNo hay comentarios\t\t<\/span>\n\t\t\t\t<\/div>\n\t\t\t\t<div class=\"elementor-post__excerpt\">\n\t\t\t<p>Uno de los temas m\u00e1s consultados por los padres es el uso de dispositivos electr\u00f3nicos. Aqu\u00ed te explico las recomendaciones basadas en la edad de los ni\u00f1os para garantizar un desarrollo saludable. \u00a0\ud83d\udc76 De 0 a 2 a\u00f1os \u00a0\ud83d\udc67 De 2 a 3 a\u00f1os \u00a0\ud83e\uddd2 De 4 a 5 a\u00f1os \u00a0\ud83d\udc66 De 6 a 12 a\u00f1os \u00a0\ud83d\udc69 Adolescentes (13 a\u00f1os en adelante) \u00a0\ud83d\udca1 Tips generales Recuerda, el uso adecuado de la tecnolog\u00eda puede ser una herramienta positiva, pero la clave est\u00e1 en la supervisi\u00f3n y los l\u00edmites.<\/p>\n\t\t<\/div>\n\t\t\n\t\t<a class=\"elementor-post__read-more\" href=\"https:\/\/drraulcalderon.com\/index.php\/2024\/11\/27\/uso-de-celulares-y-tablets-por-edades-%f0%9f%93%b1\/\" aria-label=\"Read more about Uso de celulares y tablets por edades \ud83d\udcf1\" tabindex=\"-1\" >\n\t\t\tLeer m\u00e1s\t\t<\/a>\n\n\t\t\t\t<\/div>\n\t\t\t\t<\/article>\n\t\t\t\t<article class=\"elementor-post elementor-grid-item post-1949 post type-post status-publish format-standard has-post-thumbnail hentry category-neurotips category-trastorno-del-espectro-autista category-trastorno-por-deficit-de-atencion-e-hiperactividad\" role=\"listitem\">\n\t\t\t\t<a class=\"elementor-post__thumbnail__link\" href=\"https:\/\/drraulcalderon.com\/index.php\/2024\/11\/18\/ejercicios-sensoriales-para-reducir-distracciones-visuales-y-auditivas\/\" tabindex=\"-1\" >\n\t\t\t<div class=\"elementor-post__thumbnail\"><img decoding=\"async\" width=\"1024\" height=\"683\" src=\"https:\/\/drraulcalderon.com\/wp-content\/uploads\/2024\/11\/Portadas-para-Blog.png\" class=\"attachment-full size-full wp-image-1952\" alt=\"\" srcset=\"https:\/\/drraulcalderon.com\/wp-content\/uploads\/2024\/11\/Portadas-para-Blog.png 1024w, https:\/\/drraulcalderon.com\/wp-content\/uploads\/2024\/11\/Portadas-para-Blog-300x200.png 300w, https:\/\/drraulcalderon.com\/wp-content\/uploads\/2024\/11\/Portadas-para-Blog-768x512.png 768w\" sizes=\"(max-width: 1024px) 100vw, 1024px\" \/><\/div>\n\t\t<\/a>\n\t\t\t\t<div class=\"elementor-post__text\">\n\t\t\t\t<h2 class=\"elementor-post__title\">\n\t\t\t<a href=\"https:\/\/drraulcalderon.com\/index.php\/2024\/11\/18\/ejercicios-sensoriales-para-reducir-distracciones-visuales-y-auditivas\/\" >\n\t\t\t\tEjercicios sensoriales para reducir distracciones visuales y auditivas\t\t\t<\/a>\n\t\t<\/h2>\n\t\t\t\t<div class=\"elementor-post__meta-data\">\n\t\t\t\t\t<span class=\"elementor-post-date\">\n\t\t\t18 noviembre, 2024\t\t<\/span>\n\t\t\t\t<span class=\"elementor-post-avatar\">\n\t\t\tNo hay comentarios\t\t<\/span>\n\t\t\t\t<\/div>\n\t\t\t\t<div class=\"elementor-post__excerpt\">\n\t\t\t<p>Los est\u00edmulos visuales y auditivos tienen un impacto significativo en ni\u00f1os con trastorno por d\u00e9ficit de atenci\u00f3n (TDAH) y trastorno del espectro autista (TEA), especialmente en aquellos con problemas sensoriales. A menudo, estos est\u00edmulos pueden ser abrumadores y reducir la capacidad de atenci\u00f3n del ni\u00f1o, ya que su cerebro procesa estos est\u00edmulos de manera m\u00e1s intensa, aumentando la distracci\u00f3n y dificultando su enfoque en una tarea espec\u00edfica. Los ni\u00f1os con TDAH y TEA pueden percibir est\u00edmulos que para otros son normales como extremadamente intensos o molestos, lo que interrumpe su atenci\u00f3n y reduce su rendimiento en actividades acad\u00e9micas y sociales.<\/p>\n\t\t<\/div>\n\t\t\n\t\t<a class=\"elementor-post__read-more\" href=\"https:\/\/drraulcalderon.com\/index.php\/2024\/11\/18\/ejercicios-sensoriales-para-reducir-distracciones-visuales-y-auditivas\/\" aria-label=\"Read more about Ejercicios sensoriales para reducir distracciones visuales y auditivas\" tabindex=\"-1\" >\n\t\t\tLeer m\u00e1s\t\t<\/a>\n\n\t\t\t\t<\/div>\n\t\t\t\t<\/article>\n\t\t\t\t<\/div>\n\t\t\n\t\t\t\t\t\t<\/div>\n\t\t\t\t<\/div>\n\t\t\t\t\t<\/div>\n\t\t<\/div>\n\t\t\t\t<div class=\"elementor-column elementor-col-33 elementor-top-column elementor-element elementor-element-79c7896\" data-id=\"79c7896\" data-element_type=\"column\" data-e-type=\"column\">\n\t\t\t<div class=\"elementor-widget-wrap elementor-element-populated\">\n\t\t\t\t\t\t<div class=\"elementor-element elementor-element-d28d17a elementor-widget elementor-widget-wp-widget-search\" data-id=\"d28d17a\" data-element_type=\"widget\" data-e-type=\"widget\" data-widget_type=\"wp-widget-search.default\">\n\t\t\t\t<div class=\"elementor-widget-container\">\n\t\t\t\t\t<form role=\"search\" method=\"get\" class=\"search-form\" action=\"https:\/\/drraulcalderon.com\/\">\n\t<label>\n\t\t<span class=\"screen-reader-text\">Buscar:<\/span>\n\t\t<input type=\"search\" class=\"search-field\"  placeholder=\"Search &hellip;\" value=\"\" name=\"s\" tabindex=\"-1\">\n\t\t\t<\/label>\n\t\t\t<input type=\"submit\" class=\"search-submit\" value=\"Buscar\">\n\t<\/form>\n\t\t\t\t<\/div>\n\t\t\t\t<\/div>\n\t\t\t\t<div class=\"elementor-element elementor-element-6600d7b elementor-widget elementor-widget-wp-widget-recent-posts\" data-id=\"6600d7b\" data-element_type=\"widget\" data-e-type=\"widget\" data-widget_type=\"wp-widget-recent-posts.default\">\n\t\t\t\t<div class=\"elementor-widget-container\">\n\t\t\t\t\t\n\t\t\n\t\t<h5>Entradas recientes<\/h5><nav aria-label=\"Entradas recientes\">\n\t\t<ul>\n\t\t\t\t\t\t\t\t\t\t\t<li>\n\t\t\t\t\t<a href=\"https:\/\/drraulcalderon.com\/index.php\/2024\/12\/08\/%e2%99%a0que-es-el-tartamudeo\/\">\u00bf\u2660Qu\u00e9 es el tartamudeo?<\/a>\n\t\t\t\t\t\t\t\t\t<\/li>\n\t\t\t\t\t\t\t\t\t\t\t<li>\n\t\t\t\t\t<a href=\"https:\/\/drraulcalderon.com\/index.php\/2024\/11\/27\/uso-de-celulares-y-tablets-por-edades-%f0%9f%93%b1\/\">Uso de celulares y tablets por edades \ud83d\udcf1<\/a>\n\t\t\t\t\t\t\t\t\t<\/li>\n\t\t\t\t\t\t\t\t\t\t\t<li>\n\t\t\t\t\t<a href=\"https:\/\/drraulcalderon.com\/index.php\/2024\/11\/18\/ejercicios-sensoriales-para-reducir-distracciones-visuales-y-auditivas\/\">Ejercicios sensoriales para reducir distracciones visuales y auditivas<\/a>\n\t\t\t\t\t\t\t\t\t<\/li>\n\t\t\t\t\t<\/ul>\n\n\t\t<\/nav>\t\t\t\t<\/div>\n\t\t\t\t<\/div>\n\t\t\t\t<div class=\"elementor-element elementor-element-a5147ac elementor-widget elementor-widget-wp-widget-categories\" data-id=\"a5147ac\" data-element_type=\"widget\" data-e-type=\"widget\" data-widget_type=\"wp-widget-categories.default\">\n\t\t\t\t<div class=\"elementor-widget-container\">\n\t\t\t\t\t<h5>Categor\u00edas<\/h5><nav aria-label=\"Categor\u00edas\">\n\t\t\t<ul>\n\t\t\t\t\t<li class=\"cat-item cat-item-19\"><a href=\"https:\/\/drraulcalderon.com\/index.php\/category\/neurotips\/\">NeuroTips<\/a>\n<\/li>\n\t<li class=\"cat-item cat-item-20\"><a href=\"https:\/\/drraulcalderon.com\/index.php\/category\/trastorno-del-espectro-autista\/\">Trastorno del Espectro Autista<\/a>\n<\/li>\n\t<li class=\"cat-item cat-item-21\"><a href=\"https:\/\/drraulcalderon.com\/index.php\/category\/trastorno-por-deficit-de-atencion-e-hiperactividad\/\">Trastorno por D\u00e9ficit de Atenci\u00f3n e Hiperactividad<\/a>\n<\/li>\n\t\t\t<\/ul>\n\n\t\t\t<\/nav>\t\t\t\t<\/div>\n\t\t\t\t<\/div>\n\t\t\t\t<div class=\"elementor-element elementor-element-8983882 elementor-widget elementor-widget-wp-widget-calendar\" data-id=\"8983882\" data-element_type=\"widget\" data-e-type=\"widget\" data-widget_type=\"wp-widget-calendar.default\">\n\t\t\t\t<div class=\"elementor-widget-container\">\n\t\t\t\t\t<div id=\"calendar_wrap\" class=\"calendar_wrap\"><table id=\"wp-calendar\" class=\"wp-calendar-table\">\n\t<caption>abril 2026<\/caption>\n\t<thead>\n\t<tr>\n\t\t<th scope=\"col\" aria-label=\"lunes\">L<\/th>\n\t\t<th scope=\"col\" aria-label=\"martes\">M<\/th>\n\t\t<th scope=\"col\" aria-label=\"mi\u00e9rcoles\">X<\/th>\n\t\t<th scope=\"col\" aria-label=\"jueves\">J<\/th>\n\t\t<th scope=\"col\" aria-label=\"viernes\">V<\/th>\n\t\t<th scope=\"col\" aria-label=\"s\u00e1bado\">S<\/th>\n\t\t<th scope=\"col\" aria-label=\"domingo\">D<\/th>\n\t<\/tr>\n\t<\/thead>\n\t<tbody>\n\t<tr>\n\t\t<td colspan=\"2\" class=\"pad\">&nbsp;<\/td><td>1<\/td><td>2<\/td><td>3<\/td><td>4<\/td><td>5<\/td>\n\t<\/tr>\n\t<tr>\n\t\t<td>6<\/td><td>7<\/td><td>8<\/td><td>9<\/td><td>10<\/td><td>11<\/td><td>12<\/td>\n\t<\/tr>\n\t<tr>\n\t\t<td>13<\/td><td>14<\/td><td>15<\/td><td>16<\/td><td>17<\/td><td>18<\/td><td>19<\/td>\n\t<\/tr>\n\t<tr>\n\t\t<td>20<\/td><td>21<\/td><td>22<\/td><td>23<\/td><td>24<\/td><td>25<\/td><td>26<\/td>\n\t<\/tr>\n\t<tr>\n\t\t<td>27<\/td><td id=\"today\">28<\/td><td>29<\/td><td>30<\/td>\n\t\t<td class=\"pad\" colspan=\"3\">&nbsp;<\/td>\n\t<\/tr>\n\t<\/tbody>\n\t<\/table><nav aria-label=\"Meses anteriores y posteriores\" class=\"wp-calendar-nav\">\n\t\t<span class=\"wp-calendar-nav-prev\"><a href=\"https:\/\/drraulcalderon.com\/index.php\/2024\/12\/\">&laquo; Dic<\/a><\/span>\n\t\t<span class=\"pad\">&nbsp;<\/span>\n\t\t<span class=\"wp-calendar-nav-next\">&nbsp;<\/span>\n\t<\/nav><\/div>\t\t\t\t<\/div>\n\t\t\t\t<\/div>\n\t\t\t\t\t<\/div>\n\t\t<\/div>\n\t\t\t\t\t<\/div>\n\t\t<\/section>\n\t\t\t\t<\/div>\n\t\t","protected":false},"excerpt":{"rendered":"<p>NeuroTips Nuevas noticias cada semana&#8230;<\/p>\n","protected":false},"author":2,"featured_media":0,"parent":0,"menu_order":0,"comment_status":"closed","ping_status":"closed","template":"","meta":{"site-sidebar-layout":"no-sidebar","site-content-layout":"page-builder","ast-global-header-display":"","ast-main-header-display":"","ast-hfb-above-header-display":"","ast-hfb-below-header-display":"","ast-hfb-mobile-header-display":"","site-post-title":"disabled","ast-breadcrumbs-content":"","ast-featured-img":"disabled","footer-sml-layout":"","theme-transparent-header-meta":"","adv-header-id-meta":"","stick-header-meta":"","header-above-stick-meta":"","header-main-stick-meta":"","header-below-stick-meta":"","_joinchat":[],"footnotes":""},"class_list":["post-1959","page","type-page","status-publish","hentry"],"yoast_head":"<!-- This site is optimized with the Yoast SEO plugin v20.13 - https:\/\/yoast.com\/wordpress\/plugins\/seo\/ -->\n<title>NeuroTips - Dr Ra\u00fal Calder\u00f3n<\/title>\n<meta name=\"robots\" content=\"index, follow, max-snippet:-1, max-image-preview:large, max-video-preview:-1\" \/>\n<link rel=\"canonical\" href=\"https:\/\/drraulcalderon.com\/index.php\/neurotips\/\" \/>\n<meta property=\"og:locale\" content=\"es_MX\" \/>\n<meta property=\"og:type\" content=\"article\" \/>\n<meta property=\"og:title\" content=\"NeuroTips - Dr Ra\u00fal Calder\u00f3n\" \/>\n<meta property=\"og:description\" content=\"NeuroTips Nuevas noticias cada semana&#8230;\" \/>\n<meta property=\"og:url\" content=\"https:\/\/drraulcalderon.com\/index.php\/neurotips\/\" \/>\n<meta property=\"og:site_name\" content=\"Dr Ra\u00fal Calder\u00f3n\" \/>\n<meta property=\"article:modified_time\" content=\"2024-12-06T04:52:36+00:00\" \/>\n<meta name=\"twitter:card\" content=\"summary_large_image\" \/>\n<meta name=\"twitter:label1\" content=\"Tiempo de lectura\" \/>\n\t<meta name=\"twitter:data1\" content=\"1 minuto\" \/>\n<script type=\"application\/ld+json\" class=\"yoast-schema-graph\">{\"@context\":\"https:\/\/schema.org\",\"@graph\":[{\"@type\":\"WebPage\",\"@id\":\"https:\/\/drraulcalderon.com\/index.php\/neurotips\/\",\"url\":\"https:\/\/drraulcalderon.com\/index.php\/neurotips\/\",\"name\":\"NeuroTips - Dr Ra\u00fal Calder\u00f3n\",\"isPartOf\":{\"@id\":\"https:\/\/drraulcalderon.com\/#website\"},\"datePublished\":\"2024-11-18T07:32:44+00:00\",\"dateModified\":\"2024-12-06T04:52:36+00:00\",\"breadcrumb\":{\"@id\":\"https:\/\/drraulcalderon.com\/index.php\/neurotips\/#breadcrumb\"},\"inLanguage\":\"es\",\"potentialAction\":[{\"@type\":\"ReadAction\",\"target\":[\"https:\/\/drraulcalderon.com\/index.php\/neurotips\/\"]}]},{\"@type\":\"BreadcrumbList\",\"@id\":\"https:\/\/drraulcalderon.com\/index.php\/neurotips\/#breadcrumb\",\"itemListElement\":[{\"@type\":\"ListItem\",\"position\":1,\"name\":\"Inicio\",\"item\":\"https:\/\/drraulcalderon.com\/\"},{\"@type\":\"ListItem\",\"position\":2,\"name\":\"NeuroTips\"}]},{\"@type\":\"WebSite\",\"@id\":\"https:\/\/drraulcalderon.com\/#website\",\"url\":\"https:\/\/drraulcalderon.com\/\",\"name\":\"Dr Ra\u00fal Calder\u00f3n\",\"description\":\"Neuropediatr\u00eda y Neurodesarrollo\",\"publisher\":{\"@id\":\"https:\/\/drraulcalderon.com\/#\/schema\/person\/0bd0be000915288a253b0e18a70f4d0c\"},\"potentialAction\":[{\"@type\":\"SearchAction\",\"target\":{\"@type\":\"EntryPoint\",\"urlTemplate\":\"https:\/\/drraulcalderon.com\/?s={search_term_string}\"},\"query-input\":\"required name=search_term_string\"}],\"inLanguage\":\"es\"},{\"@type\":[\"Person\",\"Organization\"],\"@id\":\"https:\/\/drraulcalderon.com\/#\/schema\/person\/0bd0be000915288a253b0e18a70f4d0c\",\"name\":\"Raul Calderon\",\"image\":{\"@type\":\"ImageObject\",\"inLanguage\":\"es\",\"@id\":\"https:\/\/drraulcalderon.com\/#\/schema\/person\/image\/\",\"url\":\"https:\/\/drraulcalderon.com\/wp-content\/uploads\/2023\/03\/LOGO-DR-RAUL-PSDazul-e1679738903670.png\",\"contentUrl\":\"https:\/\/drraulcalderon.com\/wp-content\/uploads\/2023\/03\/LOGO-DR-RAUL-PSDazul-e1679738903670.png\",\"width\":1080,\"height\":567,\"caption\":\"Raul Calderon\"},\"logo\":{\"@id\":\"https:\/\/drraulcalderon.com\/#\/schema\/person\/image\/\"}}]}<\/script>\n<!-- \/ Yoast SEO plugin. -->","yoast_head_json":{"title":"NeuroTips - Dr Ra\u00fal Calder\u00f3n","robots":{"index":"index","follow":"follow","max-snippet":"max-snippet:-1","max-image-preview":"max-image-preview:large","max-video-preview":"max-video-preview:-1"},"canonical":"https:\/\/drraulcalderon.com\/index.php\/neurotips\/","og_locale":"es_MX","og_type":"article","og_title":"NeuroTips - Dr Ra\u00fal Calder\u00f3n","og_description":"NeuroTips Nuevas noticias cada semana&#8230;","og_url":"https:\/\/drraulcalderon.com\/index.php\/neurotips\/","og_site_name":"Dr Ra\u00fal Calder\u00f3n","article_modified_time":"2024-12-06T04:52:36+00:00","twitter_card":"summary_large_image","twitter_misc":{"Tiempo de lectura":"1 minuto"},"schema":{"@context":"https:\/\/schema.org","@graph":[{"@type":"WebPage","@id":"https:\/\/drraulcalderon.com\/index.php\/neurotips\/","url":"https:\/\/drraulcalderon.com\/index.php\/neurotips\/","name":"NeuroTips - Dr Ra\u00fal Calder\u00f3n","isPartOf":{"@id":"https:\/\/drraulcalderon.com\/#website"},"datePublished":"2024-11-18T07:32:44+00:00","dateModified":"2024-12-06T04:52:36+00:00","breadcrumb":{"@id":"https:\/\/drraulcalderon.com\/index.php\/neurotips\/#breadcrumb"},"inLanguage":"es","potentialAction":[{"@type":"ReadAction","target":["https:\/\/drraulcalderon.com\/index.php\/neurotips\/"]}]},{"@type":"BreadcrumbList","@id":"https:\/\/drraulcalderon.com\/index.php\/neurotips\/#breadcrumb","itemListElement":[{"@type":"ListItem","position":1,"name":"Inicio","item":"https:\/\/drraulcalderon.com\/"},{"@type":"ListItem","position":2,"name":"NeuroTips"}]},{"@type":"WebSite","@id":"https:\/\/drraulcalderon.com\/#website","url":"https:\/\/drraulcalderon.com\/","name":"Dr Ra\u00fal Calder\u00f3n","description":"Neuropediatr\u00eda y Neurodesarrollo","publisher":{"@id":"https:\/\/drraulcalderon.com\/#\/schema\/person\/0bd0be000915288a253b0e18a70f4d0c"},"potentialAction":[{"@type":"SearchAction","target":{"@type":"EntryPoint","urlTemplate":"https:\/\/drraulcalderon.com\/?s={search_term_string}"},"query-input":"required name=search_term_string"}],"inLanguage":"es"},{"@type":["Person","Organization"],"@id":"https:\/\/drraulcalderon.com\/#\/schema\/person\/0bd0be000915288a253b0e18a70f4d0c","name":"Raul Calderon","image":{"@type":"ImageObject","inLanguage":"es","@id":"https:\/\/drraulcalderon.com\/#\/schema\/person\/image\/","url":"https:\/\/drraulcalderon.com\/wp-content\/uploads\/2023\/03\/LOGO-DR-RAUL-PSDazul-e1679738903670.png","contentUrl":"https:\/\/drraulcalderon.com\/wp-content\/uploads\/2023\/03\/LOGO-DR-RAUL-PSDazul-e1679738903670.png","width":1080,"height":567,"caption":"Raul Calderon"},"logo":{"@id":"https:\/\/drraulcalderon.com\/#\/schema\/person\/image\/"}}]}},"_links":{"self":[{"href":"https:\/\/drraulcalderon.com\/index.php\/wp-json\/wp\/v2\/pages\/1959","targetHints":{"allow":["GET"]}}],"collection":[{"href":"https:\/\/drraulcalderon.com\/index.php\/wp-json\/wp\/v2\/pages"}],"about":[{"href":"https:\/\/drraulcalderon.com\/index.php\/wp-json\/wp\/v2\/types\/page"}],"author":[{"embeddable":true,"href":"https:\/\/drraulcalderon.com\/index.php\/wp-json\/wp\/v2\/users\/2"}],"replies":[{"embeddable":true,"href":"https:\/\/drraulcalderon.com\/index.php\/wp-json\/wp\/v2\/comments?post=1959"}],"version-history":[{"count":26,"href":"https:\/\/drraulcalderon.com\/index.php\/wp-json\/wp\/v2\/pages\/1959\/revisions"}],"predecessor-version":[{"id":2006,"href":"https:\/\/drraulcalderon.com\/index.php\/wp-json\/wp\/v2\/pages\/1959\/revisions\/2006"}],"wp:attachment":[{"href":"https:\/\/drraulcalderon.com\/index.php\/wp-json\/wp\/v2\/media?parent=1959"}],"curies":[{"name":"wp","href":"https:\/\/api.w.org\/{rel}","templated":true}]}}